 divisor of k and 1148.
28
Let i = 5 + 29. Let g(t) = t**3 - 25*t**2 - 60*t - 26. Let c be g(28). Calculate the highest common divisor of i and c.
34
Let h(i) = -6*i**3 - 12*i**2 - 14*i - 29. Let p(s) = s**3 + 1. Let f(o) = h(o) + 5*p(o). Let w be f(-11). Calculate the greatest common factor of 198 and w.
9
Let d(f) = -53 - 2 + 17*f + 3*f**2 + 4 - 7. Let r be d(7). Suppose 2*g = 4*u + 2 - 62, 5*u - 4*g = 72. Calculate the highest common factor of u and r.
16
Let i = -88 - -97. Let y be ((-3)/(6/56))/((-6)/i). Calculate the highest common factor of 28 and y.
14
Suppose 322 = -4*d + 2*f + 1820, -1493 = -4*d + 3*f. Let q be (-39)/((-9)/(-7 - -10)). What is the highest common factor of q and d?
13
Suppose -5*p = 111 - 1036. Suppose -8*a = p + 527. Let d = -54 - a. What is the highest common factor of d and 5?
5
Let m be 8/120*-35*-438. Calculate the highest common factor of 730 and m.
146
Let w be (4296/(-192) + 22)*-24. Calculate the highest common factor of 7488 and w.
9
Suppose 3*v + 2*v - 20 = 0. Suppose 0*a + 16 = -3*l - 2*a, v*l - 2*a = -40. Let q be 2/(l/12) - -18. Calculate the highest common factor of 3 and q.
3
Suppose 3*x - 40 = 2*s + 32, -94 = 3*s - x. Let p = 38 + s. What is the highest common factor of p and 36?
4
Let a be 20/(-25)*-1*(-945)/(-2). Suppose -r = -4*r + a. Suppose 22 - 69 = -3*b + l, 3*b + l - 37 = 0. Calculate the greatest common factor of r and b.
14
Suppose 921*c - 912*c - 720 = 0. Suppose 2*l - 123 = 5*v, -v + 1 = -0. Calculate the greatest common factor of c and l.
16
Let q be (35/(-20) + 2)*-6*-44. Let v = -3 - -3. Suppose -a + 7 + 15 = v. What is the greatest common factor of q and a?
22
Let y(i) = i**3 + 140*i**2 - 288*i - 73. Let m be y(-142). What is the greatest common divisor of m and 66?
33
Let p(b) = -b**2 + 12*b + 22. Let f be p(13). Let y be (36/(-14)*-1)/(f/210). Let o = 1 + 14. Calculate the highest common divisor of o and y.
15
Let j(l) = -227*l**3 - 48*l**2 - 90*l + 8. Let x be j(-2). Calculate the greatest common factor of 3473 and x.
151
Let y(f) = 6*f - 52. Let p be y(9). Suppose 33 = p*j + j. Suppose 25 = u - 4*h, -2*u - h + 68 = -0*h. What is the greatest common factor of j and u?
11
Let w(c) = 16*c + 844. Let m be w(-38). Calculate the highest common divisor of 2242 and m.
118
Suppose 0 = -4*f + 5*m + 65590, 8*f - 13*f - 5*m = -81965. Calculate the greatest common divisor of 15 and f.
15
Suppose 4*z + 1450 = 5*c - 753, -5*c + 2200 = -5*z. Let d = -415 + c. Calculate the greatest common divisor of d and 16.
4
Let w = 2074 + -1906. Calculate the highest common factor of 72 and w.
24
Suppose -15*b + 19*b - 68 = 2*f, -3*f = 5*b - 52. Calculate the greatest common factor of b and 329.
7
Suppose d + 5*b - 164 = 0, 0 = 2*d + d + 5*b - 532. What is the greatest common divisor of 322 and d?
46
Suppose -183*v = -186*v + o + 5735, 2*o + 9559 = 5*v. Calculate the highest common divisor of v and 117.
39
Let z(p) = 5*p - 17 + 127 - 10. Let t be z(0). What is the highest common divisor of 20 and t?
20
Let t(j) = 11*j - 1388 - j**3 + j**2 + 8*j**2 + 1392 - 3*j**2. Let f be t(-2). Suppose 5*l - 32 - 108 = 0. Calculate the highest common divisor of l and f.
14
Suppose -5*d = -32*t + 36*t - 274, -5*d + 282 = 2*t. What is the highest common divisor of 75458 and d?
58
Let q(b) = b**3 + 2*b**2 - 2*b + 5. Let h be q(5). Let y be 75 + 6 + 2*1. Let s = y + -49. Calculate the greatest common factor of h and s.
34
Let a = -4530 - -5746. Calculate the greatest common factor of a and 19.
19
Suppose -d + 1 = 3*u + 8, 5*u - 5 = -5*d. Let g be (-20)/d + -4 + 49. Let j = g + -11. What is the greatest common factor of 30 and j?
30
Let p be (-4)/54 - 212126/(-918). Calculate the highest common factor of p and 84.
21
Let y be ((1512/45)/(-1))/(4/(-350)). Calculate the greatest common divisor of y and 60.
60
Suppose 7*p + 406 + 63 = 0. Let g = p - -132. What is the greatest common factor of 5 and g?
5
Let w = -351 + 356. Suppose w*r = 10 + 15, -4*a = -r - 3327. Calculate the greatest common factor of a and 49.
49
Let c be ((-186)/(-10) - 3)/((-1737)/(-90) + -19). What is the greatest common factor of 2743 and c?
13
Let a be 11 - ((115 + -109 - (13 - 1)) + 15). Let g(p) = -7*p + 2. Let v be 2 - ((2 - 0) + 2). Let w be g(v). What is the greatest common factor of a and w?
2
Let q be (-3)/(-18) + (-7)/((-420)/2390). Calculate the greatest common divisor of 26120 and q.
40
Let b(w) = 2*w**3 - 5*w**2 - 22*w + 8. Let i be b(6). Suppose 0 = -3*k + 3*x + 294, -2*k - 2*x + 190 = -x. Calculate the highest common factor of i and k.
32
Let v = -59 + 129. Let b(i) = -346*i - 101. Let j be b(-1). Calculate the greatest common factor of v and j.
35
Let m = 6050 - 5959. What is the greatest common factor of m and 1469?
13
Suppose -5*g + 2*l + 291 = -0*l, l - 2 = 0. Let w be -3*124/(-6) - (2 - -1). Calculate the greatest common factor of w and g.
59
Suppose 31*q - 30*q = 3. Suppose 0 = 3*t - 2*t - 302. Suppose q*z = t + 391. What is the greatest common divisor of z and 33?
33
Let i(v) = -29*v + 4942. Let a be i(48). Calculate the greatest common divisor of 1136 and a.
142
Suppose 6*c - 60 = -30. Suppose 7*w - 3*w = c*h + 10, -h - 3 = -w. What is the highest common factor of 3 and h?
1
Suppose -9*z + 73*z = 512. Calculate the highest common divisor of z and 106.
2
Suppose 28*x - 2415 = -7*x. What is the highest common divisor of x and 2139?
69
Let i(b) = -11*b + 39. Let q be i(9). Let v be (-3)/((-2 + -2 - -5)/q). What is the highest common divisor of 45 and v?
45
Suppose -1867 = -6*j + 131. What is the highest common divisor of j and 18?
9
Let r(q) = -155*q + 345. Let h be r(-7). What is the highest common factor of 165 and h?
55
Suppose -297122 = -100*n + 374878. What is the highest common factor of n and 252?
84
Suppose -3*l = -5*d - 121, 4*l + 5*d - 154 = 8*d. Calculate the greatest common factor of l and 259.
37
Let t = 3801 - 3591. What is the greatest common factor of t and 756?
42
Let w be 30 - (-3 + 6)/((-55)/(-40) - 1). What is the highest common divisor of 605 and w?
11
Let b = 104464 + -51281. What is the greatest common factor of 13 and b?
13
Let y be ((-936)/16)/(3/(-6)). Suppose 0 = -2*s + 5*c + y, -s + 2*c = -0*s - 60. Suppose 4*m + 0*m - 396 = 0. What is the greatest common factor of m and s?
33
Suppose -15*k + 11*k = -24. Let l be 18/4*(-1 - k/(-18)). Let c be (-3 + (-21)/(-6))/(l/(-120)). What is the greatest common divisor of 220 and c?
20
Let t = 3 + 0. Let r be 54*(-26)/364*-21. What is the highest common factor of t and r?
3
Suppose -187 = -j + 25*d - 20*d, 18 = 3*d. What is the highest common factor of j and 713?
31
Let o(k) = -22*k**3 - 3*k**2 + 4. Let i = -193 - -191. Let j be o(i). Calculate the greatest common factor of j and 21.
21
Let j = 39 + -45. Let i be (2/(-2))/(j/18). Suppose -5*v + 48 = 2*f, 3*v + 0*v - i*f = 12. What is the highest common factor of 16 and v?
8
Suppose -2*x + 9 = 9. Suppose 2*w + 12 = 4*v - x*v, 0 = 4*w. Suppose 0 = -v*m - b + 334, 444 = m + 3*m + 2*b. What is the greatest common divisor of 14 and m?
14
Let f be 460/6*117 + 0. Suppose 8*r - f = -15*r. Calculate the highest common factor of 30 and r.
30
Let q = 5132 + -4894. What is the greatest common divisor of 70 and q?
14
Let h(w) = 3*w**2 + 22*w + 24. Let j be h(-6). Suppose -4*k - 5*m = -30, -6*k + 5*k - 5*m + 15 = j. Calculate the highest common factor of k and 3.
1
Let f be 1359/14 - 1 - (-3 - 344/(-112)). Calculate the greatest common factor of f and 14304.
96
Let x be (0 + 1)*(-5 - -8). Suppose -45 = -m + 3*k + 5, m = -x*k + 62. Calculate the greatest common divisor of m and 224.
56
Let n be (22/(-3))/((-6)/27). Let m = -2746 - -2889. What is the highest common factor of m and n?
11
Let g(h) = -8*h - 33. Suppose 0 = 3*i - 0 - 6. Let q = i + -8. Let n be g(q). What is the greatest common factor of 15 and n?
15
Suppose 4058 = 3*l + 4*r, -14*l = -15*l + 7*r + 1386. Calculate the greatest common factor of l and 266.
14
Suppose n = 5*h - 100, -3*h + h + 4*n + 22 = 0. Suppose -v + 3*t - 13 + 1 = 0, 10*t - 42 = 3*v. What is the highest common divisor of v and h?
3
Suppose 0 = 10*m + 6*m - 32. Suppose 75 = -m*h + 155. Calculate the greatest common divisor of h and 160.
40
Let p(w) = -w + 67. Let g be p(45). Suppose g*y - 505 = 287. What is 